330 + -325. Give w(t).
-12
Suppose 89 = -q + 94, -25 = -5*t + q. Let g(h) = -h**3 + 7*h**2 - 3*h - 8. Calculate g(t).
10
Let v(g) = g**2 + 3*g + 1. Let w be v(-2). Let f(i) = -9*i - 1. Calculate f(w).
8
Let m be (20/24)/5*24/16. Let c(g) be the first derivative of m*g**4 + 2/3*g**3 - g**2 - 1 - g. Give c(-2).
3
Let o = -2151 + 2151. Let r(m) be the first derivative of m**4/24 - 2*m**3/3 + m**2/2 + 1. Let j(i) be the second derivative of r(i). What is j(o)?
-4
Let j(m) = -m**3 + 4*m**2 + 3*m - 2. Let h be 20*(8 + (-195)/25). Calculate j(h).
10
Let w(i) be the third derivative of 1/60*i**5 - 4 + 1/6*i**3 + 0*i + 3*i**2 - 5/24*i**4. Give w(6).
7
Let d(l) = -7*l**2 + 2*l + 5. Let k be (-1)/(-4 + 22/6). Suppose h + 2 = t - 0, 5*h = 4*t - 5. Let v(o) = 4*o**2 - o - 3. Let f(c) = k*d(c) + t*v(c). Give f(2).
-2
Let o = 5 - 12. Let y(p) be the first derivative of -p**2 - 2*p - 144. Determine y(o).
12
Let t = -1274 + 1280. Let b(l) be the third derivative of l**5/60 - 7*l**4/24 + 3*l**3/2 + 2*l**2. Determine b(t).
3
Let q = 46 - 41. Suppose -2*f - 3*m + 13 + 10 = 0, 0 = q*f + 4*m - 40. Let d(p) = 2*p - 1. Give d(f).
7
Let k be ((-6)/(-4))/((-6)/(-4)). Let a(l) = 5*l - 1. Let f be a(k). Suppose 3*s + f = -8. Let b(m) = -m - 8. Determine b(s).
-4
Let h(k) = 8*k + 6. Let g be h(5). Let p = g - 51. Let d(z) = z + 6. Calculate d(p).
1
Let q be 2*(-2 - -3)*2. Let k(h) = -2*h**2 - h + 5*h**2 + 6*h**3 - 7*h**3 + 4*h. What is k(q)?
-4
Let h(n) = 0*n**3 - 13*n**2 + 7 + 22*n**2 + 0*n**3 - 2*n + 9 - n**3. Give h(9).
-2
Let i(k) = k**2 + 6*k - 35. Let o be i(-11). Let t(y) = o*y + 2 - 18*y - 10*y. Give t(2).
-14
Suppose -2*o - f + 102 = 0, 2*o = -3*o + 5*f + 270. Suppose 8*w - 20 + o = 0. Let j(d) = -d + 4. Give j(w).
8
Let q(o) be the third derivative of 1 + 37*o**2 + 0*o - 1/24*o**4 + 1/20*o**5 + 0*o**3. Determine q(-1).
4
Let j(h) = 7*h. Let n(t) = -2*t. Let z(p) = -p + 1. Let r be z(9). Let g(x) = r*n(x) - 3*j(x). Give g(2).
-10
Suppose -7*k + 3*k = -16. Let b be (k/6)/(18/81). Suppose r + 6 = b*r. Let y(c) = -c**3 + 4*c**2 - c + 1. Determine y(r).
7
Let v(g) = -14*g**2 + 3*g**2 + 10*g**2 + 9*g + 8 + 3. Calculate v(11).
-11
Let t = 566 - 582. Let k(q) = q**2 + 17*q + 18. Calculate k(t).
2
Let x = -2297 - -2293. Let h(z) = 3*z**2 + 4*z + 9. Determine h(x).
41
Let c be 0/((0 + 1)/(-1)). Suppose -285*j + 289*j - 20 = 0. Let s(k) = 4*k - j*k + c*k. What is s(-1)?
1
Suppose -6 = 3*w - 3*n, 2*n - 2 = 5*w + 11. Let d = w + -4. Let q(g) = 7*g - 16. Let r(a) = -2*a + 8. Let o(z) = -q(z) - 3*r(z). Determine o(d).
-1
Suppose 0 = -4*q - 20 - 12. Let o(s) = s**3 + 5*s**2 - s - 11. Let k(d) = d**2. Let w(f) = 3*k(f) + o(f). What is w(q)?
-3
Let p(o) = 2*o**3 - 12*o**2 - 2*o + 14. Let a = -1588 - -1594. Calculate p(a).
2
Let p(y) = y**2 + y - 1. Let l(o) = 3*o - 2. Let k(v) = l(v) - 2*p(v). Give k(1).
-1
Let k(n) = -2 + n - 6 + 6 + 8. Let m be k(-5). Let d(i) = 4*i**2 + 2151 - 2151 + i. Give d(m).
5
Suppose 12*z = -7 + 163. Let h(r) = r**3 - 13*r**2 + 6. Give h(z).
6
Let g(j) = 1. Let o(c) = c**3 - 8*c**2 + 6. Let n(l) = -5*g(l) - o(l). Give n(8).
-11
Let x(b) = -2*b + 19. Let d be x(9). Let z(r) = 7*r. Determine z(d).
7
Let t(v) = -12*v. Let i(a) = 10*a. Let y(b) = 4*i(b) + 3*t(b). Give y(-2).
-8
Suppose -2*i + 6 = -5*t, 3*t + 2 + 10 = 4*i. Let b(r) = -2*r**2 + r. Calculate b(t).
0
Let v(l) = 4*l + 3. Let g = -363 - -362. Calculate v(g).
-1
Let z(s) be the second derivative of -s**6/360 + s**5/40 + 13*s**4/4 + 22*s. Let g(m) be the third derivative of z(m). Give g(4).
-5
Let s(z) = 2*z**2 - 4*z + 3. Suppose -46 = -5*d - 211. Let o be (-26)/(-6) - (4 - d/(-9)). Give s(o).
19
Let x(c) = 2*c + 3. Let o be x(1). Suppose 5*f + 2 + 0 = 4*d, -16 = 3*f + o*d. Let l(g) = g**3 + 2*g**2. Give l(f).
0
Let c(y) = -y**2 - 5*y + 3. Let q = -18 - -21. Suppose -l - q = 2*l, -3 = j + 3*l. Suppose 5*o - 4*z + 30 = j, 2*o + z - 3*z = -12. Determine c(o).
-3
Let d(t) = 2*t**2 + 2*t + 3. Let h(p) = -p**2 - 1. Let w(r) = -d(r) - 4*h(r). Calculate w(2).
5
Let o(z) be the first derivative of -z**3/3 + z**2/2 - 4*z + 244. What is o(4)?
-16
Let t(o) = o**2 - o - 1. Suppose 3*q + 108 = 9*q. Let l be (5 + -7)*q/(-12). What is t(l)?
5
Suppose 0*p + 2 = -i + 3*p, -4*i + 4*p = 0. Let w(a) = -i + 1 - 1 - 13*a + 12*a. Let g(u) = 5*u + 7. Let t(x) = -g(x) - 6*w(x). Give t(-1).
-2
Let x = 10 + -18. Let a be 28/(-5) - x/(-20). Let h(m) = 1 - m**2 + 5*m + 3 + m - 13*m. Calculate h(a).
10
Suppose -17*l + 18*l = 3. Suppose -l*w + 6*w = -3. Let a(h) = -3*h**3 - 2*h - 1. Give a(w).
4
Let q(v) = -2*v**2 + 8*v + 4. Let l(a) = a**2 - 7*a - 3. Let u(s) = -4*l(s) - 3*q(s). Suppose 28*k - 19*k = -36. What is u(k)?
16
Let r(s) be the third derivative of s**5/60 + s**4/3 + 3*s**3/2 + 5*s**2 + 24*s. Determine r(-6).
-3
Let h(y) = -2*y**2 - 3*y + 1. Let j(t) = -2*t - 5. Let a be j(3). Let m = a - -7. Determine h(m).
-19
Suppose -3*x + 4 = -2. Let q(g) = -2851*g**3 - 3*g + 3*g**2 + g**2 + 2850*g**3. Calculate q(x).
2
Let v(x) be the first derivative of -x**2/2 - 4*x - 122. Calculate v(-9).
5
Let t be (1 + -2)*(-7 - -4). Let x(k) = k**2 + 190*k**3 - 191*k**t + k + 0 - 2. Give x(2).
-4
Let l = 1 + 2. Let z(i) = -i**3 + i**2 - 1. Let y(b) = 11*b**3 - 14*b**2 + 9. Let n(g) = y(g) + 10*z(g). Give n(l).
-10
Let r = 380 - 386. Let j(t) = 5*t - 1. Calculate j(r).
-31
Let v(j) = j**3 - 2*j**2 - 4*j + 2. Suppose -21 = -5*c + 3*s - 5*s, -5*s = -c - 12. Give v(c).
-1
Let i(z) = -z**2 - 7*z - 1. Let g(c) = -c**2 + 3*c + 2. Let q be g(5). Let v = q + 10. Suppose -v*u + 6 = 2*s + 24, 0 = 3*u + 5*s + 31. What is i(u)?
-1
Let l(z) = -2*z + 763 - 761 - 2*z. Calculate l(6).
-22
Let u be ((-16)/28)/((-2)/7). Let f(p) = p**3 - 4 + 0*p**3 - 3*p + 7. What is f(u)?
5
Let n(j) = -7*j - 2*j + 0*j + 5 - 2*j + 0*j. Determine n(-4).
49
Let d = -160 - -163. Let y(q) be the second derivative of -1/20*q**5 + 0 + 1/6*q**d - 3/2*q**2 + 6*q + 1/2*q**4. What is y(6)?
3
Let n(v) = v**3 + v**2 - 7. Suppose -4*h - 41 = -3*y, 0 = h - 4*y + 7*y - 1. Let g = -12 + 4. Let p = h - g. Determine n(p).
-7
Let y be ((-276)/(-8))/((-12)/(-16)). Let k(u) = u**3 - 20 + y*u**2 + 9*u - 56*u**2 + 16. Determine k(9).
-4
Let t(v) be the third derivative of 0 - 1/4*v**4 + 1/3*v**3 + 4*v**2 - 1/60*v**5 + 0*v. Calculate t(-5).
7
Let k(o) = -o - 32. Let f(r) = 2*r + 38. Let q(t) = 2*f(t) + 3*k(t). Determine q(8).
-12
Let h(f) = 1 - 2*f**2 + f - 12412*f**3 + 12421*f**3 + f**2. Determine h(-1).
-10
Let l(x) = -5*x**2 - 5*x + 9. Let f(q) = q**2 + q - 2. Let a(m) = 9*f(m) + 2*l(m). Suppose d + 2 = 5. Suppose 0 = i - d*b, i - 2*b = -i. Give a(i).
0
Let k be 2/(-6) + 22/3. Let x be ((-2)/(-3))/((-38)/(-114)). Let f(q) = q**3 - 7*q**2 - 6*q**2 - 2*q**2 - 7*q + 9*q**x. What is f(k)?
0
Let a(s) = s**2 - s - 2. Suppose 5*l = -3*m - 73, 2*m + 60 = -4*l - 0*m. Let c = l + 20. Give a(c).
4
Let r(l) = -l**3 + l. Let o be 36/15 - 12/30. Let a be r(o). Let d(h) = h**3 + 6*h**2 + 4. Let w be d(a). Let m(c) = c**2 - 5*c. Determine m(w).
-4
Suppose -5*o + 182 = -31*o. Let a(x) = x**2 + 9*x + 6. Give a(o).
-8
Let t be ((-17)/(-68))/(1/4). Suppose 0 = -4*p + 3*p - t. Let i(v) = 2*v**2 - v - 1. Give i(p).
2
Let q = 1293/2 + -645. Let d(m) be the first derivative of q*m**2 + 8 - m. What is d(6)?
17
Let r(x) = -x - 4. Let j(a) be the first derivative of 1/3*a**3 - 5 - a**2 - 9*a. Let v be j(5). Determine r(v).
-10
Let l = -640 - -636. Let s(c) = -2 + 5*c**2 + c**3 + 4*c + 4*c - 3*c. Give s(l).
-6
Let f(k) = -k**3 - 5*k**2 - 4*k + 1. Let y be 17/1 + 4/4. Let t be -6*((-22)/(-6) + 0/8). Let d = y + t. What is f(d)?
1
Let f(x) be the third derivative of x**6/120 - 3*x**5/20 - x**4/24 + 4*x**3/3 - x**2 - 32. What is f(9)?
-1
Let x(v) be the first derivative of -v**5/60 - v**4/8 + v**3/3 - 15*v**2/2 - 14. Let j(g) be the second derivative of x(g). Determine j(-4).
-2
Suppose -5*b - 2*d = -27 - 11, 2*d = 5*b - 22. Let q(z) = -z - 1. Let p(s) = 1. Let j(g) = 4*p(g) + q(g). Calculate j(b).
-3
Let x(u) = 4*u**2 - 18*u. Let n(t) = 3*t**2 - 12*t + 1. Let o(m) = 7*n(m) - 5*x(m). Determine o(-6).
7
Let p be 12/(-2) - (1 + -2). Let f(u) = -3*u - 2. Let i(h) = -h**2 - 12*h - 7. Let v be i(-11). Let z(t) = -2*t - 2. Let j(l) = p*z(l) + v*f(l). What is j(-4)?
10
Let v = -4 - -6. Let u(g) = -7*g - 2. Let r(n) = -1. Suppose